{"id":1206,"date":"2023-07-30T04:26:44","date_gmt":"2023-07-30T04:26:44","guid":{"rendered":"https:\/\/iepsanlucas.edu.pe\/?page_id=1206"},"modified":"2023-08-08T21:08:04","modified_gmt":"2023-08-08T21:08:04","slug":"formacion-academica","status":"publish","type":"page","link":"https:\/\/iepsanlucas.edu.pe\/index.php\/formacion-academica\/","title":{"rendered":"Formaci\u00f3n acad\u00e9mica"},"content":{"rendered":"\t\t<div data-elementor-type=\"wp-page\" data-elementor-id=\"1206\" class=\"elementor elementor-1206\">\n\t\t\t\t\t\t\t\t\t<section class=\"elementor-section elementor-top-section elementor-element elementor-element-2572b9d elementor-section-full_width elementor-section-height-min-height elementor-section-content-middle elementor-section-height-default elementor-section-items-middle\" data-id=\"2572b9d\" data-element_type=\"section\" data-settings=\"{&quot;background_background&quot;:&quot;gradient&quot;,&quot;shape_divider_bottom&quot;:&quot;mountains&quot;}\">\n\t\t\t\t\t\t\t<div class=\"elementor-background-overlay\"><\/div>\n\t\t\t\t\t\t<div class=\"elementor-shape elementor-shape-bottom\" data-negative=\"false\">\n\t\t\t<svg xmlns=\"http:\/\/www.w3.org\/2000\/svg\" viewBox=\"0 0 1000 100\" preserveAspectRatio=\"none\">\n\t<path class=\"elementor-shape-fill\" opacity=\"0.33\" d=\"M473,67.3c-203.9,88.3-263.1-34-320.3,0C66,119.1,0,59.7,0,59.7V0h1000v59.7 c0,0-62.1,26.1-94.9,29.3c-32.8,3.3-62.8-12.3-75.8-22.1C806,49.6,745.3,8.7,694.9,4.7S492.4,59,473,67.3z\"\/>\n\t<path class=\"elementor-shape-fill\" opacity=\"0.66\" d=\"M734,67.3c-45.5,0-77.2-23.2-129.1-39.1c-28.6-8.7-150.3-10.1-254,39.1 s-91.7-34.4-149.2,0C115.7,118.3,0,39.8,0,39.8V0h1000v36.5c0,0-28.2-18.5-92.1-18.5C810.2,18.1,775.7,67.3,734,67.3z\"\/>\n\t<path class=\"elementor-shape-fill\" d=\"M766.1,28.9c-200-57.5-266,65.5-395.1,19.5C242,1.8,242,5.4,184.8,20.6C128,35.8,132.3,44.9,89.9,52.5C28.6,63.7,0,0,0,0 h1000c0,0-9.9,40.9-83.6,48.1S829.6,47,766.1,28.9z\"\/>\n<\/svg>\t\t<\/div>\n\t\t\t\t\t<div class=\"elementor-container elementor-column-gap-default\">\n\t\t\t\t\t<div class=\"elementor-column elementor-col-100 elementor-top-column elementor-element elementor-element-7380281\" data-id=\"7380281\" data-element_type=\"column\" data-settings=\"{&quot;background_background&quot;:&quot;classic&quot;}\">\n\t\t\t<div class=\"elementor-widget-wrap elementor-element-populated\">\n\t\t\t\t\t\t\t\t<div class=\"elementor-element elementor-element-85a120e elementor-widget elementor-widget-heading\" data-id=\"85a120e\" data-element_type=\"widget\" data-widget_type=\"heading.default\">\n\t\t\t\t<div class=\"elementor-widget-container\">\n\t\t\t<style>\/*! elementor - v3.17.0 - 08-11-2023 *\/\n.elementor-heading-title{padding:0;margin:0;line-height:1}.elementor-widget-heading .elementor-heading-title[class*=elementor-size-]>a{color:inherit;font-size:inherit;line-height:inherit}.elementor-widget-heading .elementor-heading-title.elementor-size-small{font-size:15px}.elementor-widget-heading .elementor-heading-title.elementor-size-medium{font-size:19px}.elementor-widget-heading .elementor-heading-title.elementor-size-large{font-size:29px}.elementor-widget-heading .elementor-heading-title.elementor-size-xl{font-size:39px}.elementor-widget-heading .elementor-heading-title.elementor-size-xxl{font-size:59px}<\/style><h3 class=\"elementor-heading-title elementor-size-default\">Formaci\u00f3n Acad\u00e9mica <\/h3>\t\t<\/div>\n\t\t\t\t<\/div>\n\t\t\t\t\t<\/div>\n\t\t<\/div>\n\t\t\t\t\t\t\t<\/div>\n\t\t<\/section>\n\t\t\t\t<section class=\"elementor-section elementor-top-section elementor-element elementor-element-d97f6bc elementor-section-boxed elementor-section-height-default elementor-section-height-default\" data-id=\"d97f6bc\" data-element_type=\"section\">\n\t\t\t\t\t\t<div class=\"elementor-container elementor-column-gap-default\">\n\t\t\t\t\t<div class=\"elementor-column elementor-col-100 elementor-top-column elementor-element elementor-element-09fcae6\" data-id=\"09fcae6\" data-element_type=\"column\">\n\t\t\t<div class=\"elementor-widget-wrap elementor-element-populated\">\n\t\t\t\t\t\t\t\t<div class=\"elementor-element elementor-element-07b3008 elementor-widget elementor-widget-text-editor\" data-id=\"07b3008\" data-element_type=\"widget\" data-widget_type=\"text-editor.default\">\n\t\t\t\t<div class=\"elementor-widget-container\">\n\t\t\t<style>\/*! elementor - v3.17.0 - 08-11-2023 *\/\n.elementor-widget-text-editor.elementor-drop-cap-view-stacked .elementor-drop-cap{background-color:#69727d;color:#fff}.elementor-widget-text-editor.elementor-drop-cap-view-framed .elementor-drop-cap{color:#69727d;border:3px solid;background-color:transparent}.elementor-widget-text-editor:not(.elementor-drop-cap-view-default) .elementor-drop-cap{margin-top:8px}.elementor-widget-text-editor:not(.elementor-drop-cap-view-default) .elementor-drop-cap-letter{width:1em;height:1em}.elementor-widget-text-editor .elementor-drop-cap{float:left;text-align:center;line-height:1;font-size:50px}.elementor-widget-text-editor .elementor-drop-cap-letter{display:inline-block}<\/style>\t\t\t\t<p>En el coraz\u00f3n de nuestra instituci\u00f3n educativa cristiana yace un compromiso no solo con la formaci\u00f3n espiritual, sino tambi\u00e9n con una educaci\u00f3n acad\u00e9mica s\u00f3lida y enriquecedora. Nos esforzamos d\u00eda a d\u00eda por ofrecer una formaci\u00f3n acad\u00e9mica que no solo nutra las mentes de los estudiantes, sino que tambi\u00e9n est\u00e9 imbuida de los valores cristianos que gu\u00edan su visi\u00f3n del mundo y su sentido de prop\u00f3sito.<\/p><p>La formaci\u00f3n acad\u00e9mica en nuestra instituci\u00f3n educativa cristiana se basa en varios principios fundamentales:<\/p>\t\t\t\t\t\t<\/div>\n\t\t\t\t<\/div>\n\t\t\t\t\t<\/div>\n\t\t<\/div>\n\t\t\t\t\t\t\t<\/div>\n\t\t<\/section>\n\t\t\t\t<section class=\"elementor-section elementor-top-section elementor-element elementor-element-0e586e2 elementor-section-boxed elementor-section-height-default elementor-section-height-default\" data-id=\"0e586e2\" data-element_type=\"section\">\n\t\t\t\t\t\t<div class=\"elementor-container elementor-column-gap-default\">\n\t\t\t\t\t<div class=\"elementor-column elementor-col-66 elementor-top-column elementor-element elementor-element-dc1c556\" data-id=\"dc1c556\" data-element_type=\"column\">\n\t\t\t<div class=\"elementor-widget-wrap elementor-element-populated\">\n\t\t\t\t\t\t\t\t<div class=\"elementor-element elementor-element-073661a elementor-widget elementor-widget-text-editor\" data-id=\"073661a\" data-element_type=\"widget\" data-widget_type=\"text-editor.default\">\n\t\t\t\t<div class=\"elementor-widget-container\">\n\t\t\t\t\t\t\t<p><strong>1. Excelencia en la Educaci\u00f3n:<\/strong> Nuestra instituci\u00f3n educativa busca la excelencia en la educaci\u00f3n, al igual que cualquier otra escuela. Sin embargo, lo que distingue a estas instituciones es la creencia en que la b\u00fasqueda del conocimiento y la excelencia acad\u00e9mica est\u00e1n arraigadas en una comprensi\u00f3n m\u00e1s profunda de la creaci\u00f3n de Dios y la responsabilidad de utilizar el conocimiento para el bien com\u00fan.<\/p>\t\t\t\t\t\t<\/div>\n\t\t\t\t<\/div>\n\t\t\t\t\t<\/div>\n\t\t<\/div>\n\t\t\t\t<div class=\"elementor-column elementor-col-33 elementor-top-column elementor-element elementor-element-7b4a154\" data-id=\"7b4a154\" data-element_type=\"column\">\n\t\t\t<div class=\"elementor-widget-wrap elementor-element-populated\">\n\t\t\t\t\t\t\t\t<div class=\"elementor-element elementor-element-e517853 elementor-widget elementor-widget-image\" data-id=\"e517853\" data-element_type=\"widget\" data-widget_type=\"image.default\">\n\t\t\t\t<div class=\"elementor-widget-container\">\n\t\t\t<style>\/*! elementor - v3.17.0 - 08-11-2023 *\/\n.elementor-widget-image{text-align:center}.elementor-widget-image a{display:inline-block}.elementor-widget-image a img[src$=\".svg\"]{width:48px}.elementor-widget-image img{vertical-align:middle;display:inline-block}<\/style>\t\t\t\t\t\t\t\t\t\t\t\t<img decoding=\"async\" loading=\"lazy\" width=\"365\" height=\"190\" src=\"https:\/\/iepsanlucas.edu.pe\/wp-content\/uploads\/2023\/08\/exelencia-en-educacion.webp\" class=\"attachment-large size-large wp-image-1361\" alt=\"\" srcset=\"https:\/\/iepsanlucas.edu.pe\/wp-content\/uploads\/2023\/08\/exelencia-en-educacion.webp 365w, https:\/\/iepsanlucas.edu.pe\/wp-content\/uploads\/2023\/08\/exelencia-en-educacion-300x156.webp 300w\" sizes=\"(max-width: 34.9rem) calc(100vw - 2rem), (max-width: 53rem) calc(8 * (100vw \/ 12)), (min-width: 53rem) calc(6 * (100vw \/ 12)), 100vw\" \/>\t\t\t\t\t\t\t\t\t\t\t\t\t\t\t<\/div>\n\t\t\t\t<\/div>\n\t\t\t\t\t<\/div>\n\t\t<\/div>\n\t\t\t\t\t\t\t<\/div>\n\t\t<\/section>\n\t\t\t\t<section class=\"elementor-section elementor-top-section elementor-element elementor-element-596fef8 elementor-section-boxed elementor-section-height-default elementor-section-height-default\" data-id=\"596fef8\" data-element_type=\"section\">\n\t\t\t\t\t\t<div class=\"elementor-container elementor-column-gap-default\">\n\t\t\t\t\t<div class=\"elementor-column elementor-col-66 elementor-top-column elementor-element elementor-element-62556cd\" data-id=\"62556cd\" data-element_type=\"column\">\n\t\t\t<div class=\"elementor-widget-wrap elementor-element-populated\">\n\t\t\t\t\t\t\t\t<div class=\"elementor-element elementor-element-0b9c9a6 elementor-widget elementor-widget-text-editor\" data-id=\"0b9c9a6\" data-element_type=\"widget\" data-widget_type=\"text-editor.default\">\n\t\t\t\t<div class=\"elementor-widget-container\">\n\t\t\t\t\t\t\t<p><strong>2. Integraci\u00f3n de Valores Cristianos:<\/strong> A medida que los estudiantes exploran diversas disciplinas acad\u00e9micas, se les alienta a integrar los valores cristianos en su aprendizaje. Desde la \u00e9tica en la investigaci\u00f3n cient\u00edfica hasta la consideraci\u00f3n de la justicia social en los estudios de humanidades, los valores cristianos sirven como gu\u00eda para el discernimiento moral en todas las \u00e1reas del conocimiento.<\/p>\t\t\t\t\t\t<\/div>\n\t\t\t\t<\/div>\n\t\t\t\t\t<\/div>\n\t\t<\/div>\n\t\t\t\t<div class=\"elementor-column elementor-col-33 elementor-top-column elementor-element elementor-element-302fcab\" data-id=\"302fcab\" data-element_type=\"column\">\n\t\t\t<div class=\"elementor-widget-wrap elementor-element-populated\">\n\t\t\t\t\t\t\t\t<div class=\"elementor-element elementor-element-d91c79c elementor-widget elementor-widget-image\" data-id=\"d91c79c\" data-element_type=\"widget\" data-widget_type=\"image.default\">\n\t\t\t\t<div class=\"elementor-widget-container\">\n\t\t\t\t\t\t\t\t\t\t\t\t\t\t\t<img decoding=\"async\" loading=\"lazy\" width=\"365\" height=\"190\" src=\"https:\/\/iepsanlucas.edu.pe\/wp-content\/uploads\/2023\/08\/integracion-cristiana.webp\" class=\"attachment-large size-large wp-image-1362\" alt=\"\" srcset=\"https:\/\/iepsanlucas.edu.pe\/wp-content\/uploads\/2023\/08\/integracion-cristiana.webp 365w, https:\/\/iepsanlucas.edu.pe\/wp-content\/uploads\/2023\/08\/integracion-cristiana-300x156.webp 300w\" sizes=\"(max-width: 34.9rem) calc(100vw - 2rem), (max-width: 53rem) calc(8 * (100vw \/ 12)), (min-width: 53rem) calc(6 * (100vw \/ 12)), 100vw\" \/>\t\t\t\t\t\t\t\t\t\t\t\t\t\t\t<\/div>\n\t\t\t\t<\/div>\n\t\t\t\t\t<\/div>\n\t\t<\/div>\n\t\t\t\t\t\t\t<\/div>\n\t\t<\/section>\n\t\t\t\t<section class=\"elementor-section elementor-top-section elementor-element elementor-element-4953751 elementor-section-boxed elementor-section-height-default elementor-section-height-default\" data-id=\"4953751\" data-element_type=\"section\">\n\t\t\t\t\t\t<div class=\"elementor-container elementor-column-gap-default\">\n\t\t\t\t\t<div class=\"elementor-column elementor-col-66 elementor-top-column elementor-element elementor-element-9025891\" data-id=\"9025891\" data-element_type=\"column\">\n\t\t\t<div class=\"elementor-widget-wrap elementor-element-populated\">\n\t\t\t\t\t\t\t\t<div class=\"elementor-element elementor-element-b61f50d elementor-widget elementor-widget-text-editor\" data-id=\"b61f50d\" data-element_type=\"widget\" data-widget_type=\"text-editor.default\">\n\t\t\t\t<div class=\"elementor-widget-container\">\n\t\t\t\t\t\t\t<p><strong>3. Perspectiva Hol\u00edstica:<\/strong> La formaci\u00f3n acad\u00e9mica busca proporcionar una educaci\u00f3n integral que no se limite solo a los aspectos cognitivos, sino que tambi\u00e9n considere el desarrollo emocional, social y espiritual de los estudiantes. Esta perspectiva hol\u00edstica se refleja en la manera en que se abordan los temas y en c\u00f3mo se fomenta el crecimiento personal.<\/p>\t\t\t\t\t\t<\/div>\n\t\t\t\t<\/div>\n\t\t\t\t\t<\/div>\n\t\t<\/div>\n\t\t\t\t<div class=\"elementor-column elementor-col-33 elementor-top-column elementor-element elementor-element-9a86f37\" data-id=\"9a86f37\" data-element_type=\"column\">\n\t\t\t<div class=\"elementor-widget-wrap elementor-element-populated\">\n\t\t\t\t\t\t\t\t<div class=\"elementor-element elementor-element-a56ce11 elementor-widget elementor-widget-image\" data-id=\"a56ce11\" data-element_type=\"widget\" data-widget_type=\"image.default\">\n\t\t\t\t<div class=\"elementor-widget-container\">\n\t\t\t\t\t\t\t\t\t\t\t\t\t\t\t<img decoding=\"async\" loading=\"lazy\" width=\"365\" height=\"190\" src=\"https:\/\/iepsanlucas.edu.pe\/wp-content\/uploads\/2023\/08\/PERSPECTIVA-HOLISTICA.webp\" class=\"attachment-large size-large wp-image-1367\" alt=\"\" srcset=\"https:\/\/iepsanlucas.edu.pe\/wp-content\/uploads\/2023\/08\/PERSPECTIVA-HOLISTICA.webp 365w, https:\/\/iepsanlucas.edu.pe\/wp-content\/uploads\/2023\/08\/PERSPECTIVA-HOLISTICA-300x156.webp 300w\" sizes=\"(max-width: 34.9rem) calc(100vw - 2rem), (max-width: 53rem) calc(8 * (100vw \/ 12)), (min-width: 53rem) calc(6 * (100vw \/ 12)), 100vw\" \/>\t\t\t\t\t\t\t\t\t\t\t\t\t\t\t<\/div>\n\t\t\t\t<\/div>\n\t\t\t\t\t<\/div>\n\t\t<\/div>\n\t\t\t\t\t\t\t<\/div>\n\t\t<\/section>\n\t\t\t\t\t\t\t<\/div>\n\t\t","protected":false},"excerpt":{"rendered":"<p>Formaci\u00f3n Acad\u00e9mica En el coraz\u00f3n de nuestra instituci\u00f3n educativa cristiana yace un compromiso no solo con la formaci\u00f3n espiritual, sino tambi\u00e9n con una educaci\u00f3n acad\u00e9mica s\u00f3lida y enriquecedora. Nos esforzamos d\u00eda a d\u00eda por ofrecer una formaci\u00f3n acad\u00e9mica que no solo nutra las mentes de los estudiantes, sino que tambi\u00e9n est\u00e9 imbuida de los valores &hellip; <\/p>\n<p class=\"link-more\"><a href=\"https:\/\/iepsanlucas.edu.pe\/index.php\/formacion-academica\/\" class=\"more-link\">Seguir leyendo<span class=\"screen-reader-text\"> \u00abFormaci\u00f3n acad\u00e9mica\u00bb<\/span><\/a><\/p>\n","protected":false},"author":1,"featured_media":0,"parent":0,"menu_order":0,"comment_status":"closed","ping_status":"closed","template":"elementor_header_footer","meta":{"_eb_attr":"","footnotes":""},"_links":{"self":[{"href":"https:\/\/iepsanlucas.edu.pe\/index.php\/wp-json\/wp\/v2\/pages\/1206"}],"collection":[{"href":"https:\/\/iepsanlucas.edu.pe\/index.php\/wp-json\/wp\/v2\/pages"}],"about":[{"href":"https:\/\/iepsanlucas.edu.pe\/index.php\/wp-json\/wp\/v2\/types\/page"}],"author":[{"embeddable":true,"href":"https:\/\/iepsanlucas.edu.pe\/index.php\/wp-json\/wp\/v2\/users\/1"}],"replies":[{"embeddable":true,"href":"https:\/\/iepsanlucas.edu.pe\/index.php\/wp-json\/wp\/v2\/comments?post=1206"}],"version-history":[{"count":15,"href":"https:\/\/iepsanlucas.edu.pe\/index.php\/wp-json\/wp\/v2\/pages\/1206\/revisions"}],"predecessor-version":[{"id":1370,"href":"https:\/\/iepsanlucas.edu.pe\/index.php\/wp-json\/wp\/v2\/pages\/1206\/revisions\/1370"}],"wp:attachment":[{"href":"https:\/\/iepsanlucas.edu.pe\/index.php\/wp-json\/wp\/v2\/media?parent=1206"}],"curies":[{"name":"wp","href":"https:\/\/api.w.org\/{rel}","templated":true}]}}