{"id":1230,"date":"2023-07-30T04:37:22","date_gmt":"2023-07-30T04:37:22","guid":{"rendered":"https:\/\/iepsanlucas.edu.pe\/?page_id=1230"},"modified":"2023-08-12T03:34:20","modified_gmt":"2023-08-12T03:34:20","slug":"arte-cultura-y-deporte","status":"publish","type":"page","link":"https:\/\/iepsanlucas.edu.pe\/index.php\/arte-cultura-y-deporte\/","title":{"rendered":"Arte, cultura y deporte"},"content":{"rendered":"\t\t<div data-elementor-type=\"wp-page\" data-elementor-id=\"1230\" class=\"elementor elementor-1230\">\n\t\t\t\t\t\t\t\t\t<section class=\"elementor-section elementor-top-section elementor-element elementor-element-2572b9d elementor-section-full_width elementor-section-height-min-height elementor-section-content-middle elementor-section-height-default elementor-section-items-middle\" data-id=\"2572b9d\" data-element_type=\"section\" data-settings=\"{&quot;background_background&quot;:&quot;gradient&quot;,&quot;shape_divider_bottom&quot;:&quot;mountains&quot;}\">\n\t\t\t\t\t\t\t<div class=\"elementor-background-overlay\"><\/div>\n\t\t\t\t\t\t<div class=\"elementor-shape elementor-shape-bottom\" data-negative=\"false\">\n\t\t\t<svg xmlns=\"http:\/\/www.w3.org\/2000\/svg\" viewBox=\"0 0 1000 100\" preserveAspectRatio=\"none\">\n\t<path class=\"elementor-shape-fill\" opacity=\"0.33\" d=\"M473,67.3c-203.9,88.3-263.1-34-320.3,0C66,119.1,0,59.7,0,59.7V0h1000v59.7 c0,0-62.1,26.1-94.9,29.3c-32.8,3.3-62.8-12.3-75.8-22.1C806,49.6,745.3,8.7,694.9,4.7S492.4,59,473,67.3z\"\/>\n\t<path class=\"elementor-shape-fill\" opacity=\"0.66\" d=\"M734,67.3c-45.5,0-77.2-23.2-129.1-39.1c-28.6-8.7-150.3-10.1-254,39.1 s-91.7-34.4-149.2,0C115.7,118.3,0,39.8,0,39.8V0h1000v36.5c0,0-28.2-18.5-92.1-18.5C810.2,18.1,775.7,67.3,734,67.3z\"\/>\n\t<path class=\"elementor-shape-fill\" d=\"M766.1,28.9c-200-57.5-266,65.5-395.1,19.5C242,1.8,242,5.4,184.8,20.6C128,35.8,132.3,44.9,89.9,52.5C28.6,63.7,0,0,0,0 h1000c0,0-9.9,40.9-83.6,48.1S829.6,47,766.1,28.9z\"\/>\n<\/svg>\t\t<\/div>\n\t\t\t\t\t<div class=\"elementor-container elementor-column-gap-default\">\n\t\t\t\t\t<div class=\"elementor-column elementor-col-100 elementor-top-column elementor-element elementor-element-7380281\" data-id=\"7380281\" data-element_type=\"column\" data-settings=\"{&quot;background_background&quot;:&quot;classic&quot;}\">\n\t\t\t<div class=\"elementor-widget-wrap elementor-element-populated\">\n\t\t\t\t\t\t\t\t<div class=\"elementor-element elementor-element-85a120e elementor-widget elementor-widget-heading\" data-id=\"85a120e\" data-element_type=\"widget\" data-widget_type=\"heading.default\">\n\t\t\t\t<div class=\"elementor-widget-container\">\n\t\t\t<style>\/*! elementor - v3.17.0 - 08-11-2023 *\/\n.elementor-heading-title{padding:0;margin:0;line-height:1}.elementor-widget-heading .elementor-heading-title[class*=elementor-size-]>a{color:inherit;font-size:inherit;line-height:inherit}.elementor-widget-heading .elementor-heading-title.elementor-size-small{font-size:15px}.elementor-widget-heading .elementor-heading-title.elementor-size-medium{font-size:19px}.elementor-widget-heading .elementor-heading-title.elementor-size-large{font-size:29px}.elementor-widget-heading .elementor-heading-title.elementor-size-xl{font-size:39px}.elementor-widget-heading .elementor-heading-title.elementor-size-xxl{font-size:59px}<\/style><h3 class=\"elementor-heading-title elementor-size-default\">Arte, cultura y deporte<\/h3>\t\t<\/div>\n\t\t\t\t<\/div>\n\t\t\t\t\t<\/div>\n\t\t<\/div>\n\t\t\t\t\t\t\t<\/div>\n\t\t<\/section>\n\t\t\t\t<section class=\"elementor-section elementor-top-section elementor-element elementor-element-d97f6bc elementor-section-boxed elementor-section-height-default elementor-section-height-default\" data-id=\"d97f6bc\" data-element_type=\"section\">\n\t\t\t\t\t\t<div class=\"elementor-container elementor-column-gap-default\">\n\t\t\t\t\t<div class=\"elementor-column elementor-col-50 elementor-top-column elementor-element elementor-element-09fcae6\" data-id=\"09fcae6\" data-element_type=\"column\">\n\t\t\t<div class=\"elementor-widget-wrap elementor-element-populated\">\n\t\t\t\t\t\t\t\t<div class=\"elementor-element elementor-element-07b3008 elementor-widget-tablet__width-initial elementor-widget elementor-widget-text-editor\" data-id=\"07b3008\" data-element_type=\"widget\" data-widget_type=\"text-editor.default\">\n\t\t\t\t<div class=\"elementor-widget-container\">\n\t\t\t<style>\/*! elementor - v3.17.0 - 08-11-2023 *\/\n.elementor-widget-text-editor.elementor-drop-cap-view-stacked .elementor-drop-cap{background-color:#69727d;color:#fff}.elementor-widget-text-editor.elementor-drop-cap-view-framed .elementor-drop-cap{color:#69727d;border:3px solid;background-color:transparent}.elementor-widget-text-editor:not(.elementor-drop-cap-view-default) .elementor-drop-cap{margin-top:8px}.elementor-widget-text-editor:not(.elementor-drop-cap-view-default) .elementor-drop-cap-letter{width:1em;height:1em}.elementor-widget-text-editor .elementor-drop-cap{float:left;text-align:center;line-height:1;font-size:50px}.elementor-widget-text-editor .elementor-drop-cap-letter{display:inline-block}<\/style>\t\t\t\t<p>En la Instituci\u00f3n Educativa Privada \u00abSan Lucas\u00bb, creemos en la importancia de cultivar no solo la mente, sino tambi\u00e9n el esp\u00edritu y el cuerpo. Nuestra dedicaci\u00f3n al arte, la cultura y el deporte es una parte integral de nuestra visi\u00f3n educativa, enriqueciendo la experiencia de aprendizaje de nuestros estudiantes de maneras \u00fanicas y significativas.<\/p><p><strong>Arte y Cultura:<\/strong> Reconocemos que el arte y la cultura son expresiones vitales de la humanidad que enriquecen nuestra perspectiva del mundo. Nuestros estudiantes tienen la oportunidad de explorar una amplia gama de expresiones art\u00edsticas, desde la m\u00fasica, las artes visuales y la literatura. A trav\u00e9s de programas art\u00edsticos, exposiciones y presentaciones, fomentamos la creatividad y el aprecio por la diversidad cultural. Creemos que el arte no solo nutre la imaginaci\u00f3n, sino que tambi\u00e9n promueve la empat\u00eda y la comprensi\u00f3n entre las personas.<\/p><p><strong>Deporte y Salud:<\/strong> Reconocemos la importancia de un cuerpo sano para el desarrollo integral. Nuestros programas deportivos no solo se centran en la competencia, sino tambi\u00e9n en la promoci\u00f3n de la actividad f\u00edsica como un h\u00e1bito de vida saludable. Desde equipos deportivos hasta actividades recreativas, nuestros estudiantes tienen la oportunidad de desarrollar habilidades atl\u00e9ticas, aprender el valor del trabajo en equipo y cultivar h\u00e1bitos de bienestar duraderos.<\/p>\t\t\t\t\t\t<\/div>\n\t\t\t\t<\/div>\n\t\t\t\t\t<\/div>\n\t\t<\/div>\n\t\t\t\t<div class=\"elementor-column elementor-col-50 elementor-top-column elementor-element elementor-element-4695545\" data-id=\"4695545\" data-element_type=\"column\">\n\t\t\t<div class=\"elementor-widget-wrap elementor-element-populated\">\n\t\t\t\t\t\t\t\t<div class=\"elementor-element elementor-element-80e1e7d elementor-widget elementor-widget-image\" data-id=\"80e1e7d\" data-element_type=\"widget\" data-widget_type=\"image.default\">\n\t\t\t\t<div class=\"elementor-widget-container\">\n\t\t\t<style>\/*! elementor - v3.17.0 - 08-11-2023 *\/\n.elementor-widget-image{text-align:center}.elementor-widget-image a{display:inline-block}.elementor-widget-image a img[src$=\".svg\"]{width:48px}.elementor-widget-image img{vertical-align:middle;display:inline-block}<\/style>\t\t\t\t\t\t\t\t\t\t\t\t<img decoding=\"async\" loading=\"lazy\" width=\"310\" height=\"766\" src=\"https:\/\/iepsanlucas.edu.pe\/wp-content\/uploads\/2023\/08\/ARTE-CULTURA-Y-DEPORTE-SAN-LUCAS.webp\" class=\"attachment-large size-large wp-image-1381\" alt=\"\" srcset=\"https:\/\/iepsanlucas.edu.pe\/wp-content\/uploads\/2023\/08\/ARTE-CULTURA-Y-DEPORTE-SAN-LUCAS.webp 310w, https:\/\/iepsanlucas.edu.pe\/wp-content\/uploads\/2023\/08\/ARTE-CULTURA-Y-DEPORTE-SAN-LUCAS-121x300.webp 121w\" sizes=\"(max-width: 34.9rem) calc(100vw - 2rem), (max-width: 53rem) calc(8 * (100vw \/ 12)), (min-width: 53rem) calc(6 * (100vw \/ 12)), 100vw\" \/>\t\t\t\t\t\t\t\t\t\t\t\t\t\t\t<\/div>\n\t\t\t\t<\/div>\n\t\t\t\t\t<\/div>\n\t\t<\/div>\n\t\t\t\t\t\t\t<\/div>\n\t\t<\/section>\n\t\t\t\t<section class=\"elementor-section elementor-top-section elementor-element elementor-element-7cb4ab4 elementor-section-boxed elementor-section-height-default elementor-section-height-default\" data-id=\"7cb4ab4\" data-element_type=\"section\">\n\t\t\t\t\t\t<div class=\"elementor-container elementor-column-gap-default\">\n\t\t\t\t\t<div class=\"elementor-column elementor-col-100 elementor-top-column elementor-element elementor-element-0cc62a1\" data-id=\"0cc62a1\" data-element_type=\"column\">\n\t\t\t<div class=\"elementor-widget-wrap elementor-element-populated\">\n\t\t\t\t\t\t\t\t<div class=\"elementor-element elementor-element-13dd92a elementor-widget elementor-widget-text-editor\" data-id=\"13dd92a\" data-element_type=\"widget\" data-widget_type=\"text-editor.default\">\n\t\t\t\t<div class=\"elementor-widget-container\">\n\t\t\t\t\t\t\t<p><strong>Eventos Culturales y Deportivos:<\/strong>\u00a0En \u00abSan Lucas\u00bb, celebramos la diversidad y el talento de nuestros estudiantes a trav\u00e9s de eventos culturales y deportivos emocionantes. Desde espect\u00e1culos de talento hasta competencias deportivas, estos eventos fomentan el sentido de comunidad y permiten que nuestros estudiantes muestren sus logros en diferentes \u00e1reas.<\/p><p><strong>Fomento del Crecimiento Personal:<\/strong>\u00a0Ya sea a trav\u00e9s de la creaci\u00f3n art\u00edstica, la interpretaci\u00f3n, la participaci\u00f3n deportiva o el apoyo a compa\u00f1eros en eventos culturales, estas actividades nutren el crecimiento personal de nuestros estudiantes. Desarrollan la confianza en s\u00ed mismos, la autodisciplina y la capacidad de enfrentar desaf\u00edos con determinaci\u00f3n.<\/p><p>En \u00abSan Lucas\u00bb, creemos que una educaci\u00f3n completa va m\u00e1s all\u00e1 de las aulas y los libros de texto. Nuestro enfoque en el arte, la cultura y el deporte enriquece la vida de nuestros estudiantes y les proporciona habilidades y perspectivas que los preparan para convertirse en individuos equilibrados, creativos y comprometidos con su comunidad y el mundo en general.\u00a0<\/p>\t\t\t\t\t\t<\/div>\n\t\t\t\t<\/div>\n\t\t\t\t\t<\/div>\n\t\t<\/div>\n\t\t\t\t\t\t\t<\/div>\n\t\t<\/section>\n\t\t\t\t\t\t\t<\/div>\n\t\t","protected":false},"excerpt":{"rendered":"<p>Arte, cultura y deporte En la Instituci\u00f3n Educativa Privada \u00abSan Lucas\u00bb, creemos en la importancia de cultivar no solo la mente, sino tambi\u00e9n el esp\u00edritu y el cuerpo. Nuestra dedicaci\u00f3n al arte, la cultura y el deporte es una parte integral de nuestra visi\u00f3n educativa, enriqueciendo la experiencia de aprendizaje de nuestros estudiantes de maneras &hellip; <\/p>\n<p class=\"link-more\"><a href=\"https:\/\/iepsanlucas.edu.pe\/index.php\/arte-cultura-y-deporte\/\" class=\"more-link\">Seguir leyendo<span class=\"screen-reader-text\"> \u00abArte, cultura y deporte\u00bb<\/span><\/a><\/p>\n","protected":false},"author":1,"featured_media":0,"parent":0,"menu_order":0,"comment_status":"closed","ping_status":"closed","template":"elementor_header_footer","meta":{"_eb_attr":"","footnotes":""},"_links":{"self":[{"href":"https:\/\/iepsanlucas.edu.pe\/index.php\/wp-json\/wp\/v2\/pages\/1230"}],"collection":[{"href":"https:\/\/iepsanlucas.edu.pe\/index.php\/wp-json\/wp\/v2\/pages"}],"about":[{"href":"https:\/\/iepsanlucas.edu.pe\/index.php\/wp-json\/wp\/v2\/types\/page"}],"author":[{"embeddable":true,"href":"https:\/\/iepsanlucas.edu.pe\/index.php\/wp-json\/wp\/v2\/users\/1"}],"replies":[{"embeddable":true,"href":"https:\/\/iepsanlucas.edu.pe\/index.php\/wp-json\/wp\/v2\/comments?post=1230"}],"version-history":[{"count":26,"href":"https:\/\/iepsanlucas.edu.pe\/index.php\/wp-json\/wp\/v2\/pages\/1230\/revisions"}],"predecessor-version":[{"id":1396,"href":"https:\/\/iepsanlucas.edu.pe\/index.php\/wp-json\/wp\/v2\/pages\/1230\/revisions\/1396"}],"wp:attachment":[{"href":"https:\/\/iepsanlucas.edu.pe\/index.php\/wp-json\/wp\/v2\/media?parent=1230"}],"curies":[{"name":"wp","href":"https:\/\/api.w.org\/{rel}","templated":true}]}}